7422 (base 9) to base 14
929d2
94012 (base 11) to base 16
21792
What is 60d68a (base 15) in base 8?
21433405
7655854 (base 9) to base 3
21201212221211
234115 (base 14) to base 9
2231852
What is -1d554 (base 14) in base 5?
-4401032
What is 11448 (base 9) in base 7?
31220
Convert -2020101101221 (base 3) to base 2.
-100100010001011010101
Convert -34cb20 (base 13) to base 3.
-2100211102022
Convert -22554546 (base 7) to base 8.
-7433253
-2b98a6 (base 14) to base 15
-201b24
-24231542 (base 6) to base 14
-15d3dc
-7631581 (base 10) to base 11
-43427a1
What is 4612423 (base 7) in base 6?
20152454
-21c9c (base 13) to base 16
-f024
Convert 10c6d3 (base 15) to base 5.
201121143
-1000100001100100101000 (base 2) to base 11
-1296a33
What is 25b91 (base 13) in base 9?
116121
11122012001 (base 3) to base 14
25389
2243223443 (base 5) to base 11
294288a
What is -1365a69 (base 11) in base 10?
-2350500
b3431 (base 12) to base 6
5002501
What is -882653 (base 12) in base 15?
-2ca41c
What is 209282 (base 10) in base 15?
42022
What is 4150450 (base 6) in base 13?
70689
What is 100201212110111 (base 3) in base 13?
10c208b
What is -5636451 (base 7) in base 14?
-142828
Convert -44635465 (base 7) to base 11.
-220719a
42da0 (base 14) to base 15
32e45
-60a53 (base 12) to base 9
-211650
What is 198443 (base 11) in base 5?
34211444
2c8636 (base 13) to base 2
100001101100001010001
Convert 2608273 (base 9) to base 5.
331020421
What is -1101101110001100000011 (base 2) in base 3?
-20202202020102
Convert 122010022000020 (base 3) to base 14.
12cc160
116836 (base 10) to base 8
344144
Convert 1010101110110100 (base 2) to base 8.
125664
What is 306636 (base 8) in base 10?
101790
-2101122001102 (base 3) to base 9
-2348042
-1d95e6 (base 15) to base 16
-161d00
1930b (base 16) to base 15
20889
Convert 162613 (base 8) to base 16.
e58b
2512100 (base 7) to base 12
136745
What is 1b151a2 (base 12) in base 11?
327a169
-5c716 (base 15) to base 4
-1020010311
-24a36 (base 15) to base 11
-7aa40
-551566 (base 7) to base 3
-11220121121
What is 33242110 (base 5) in base 3?
112202012010
Convert 22a82 (base 16) to base 10.
141954
Convert 10412025 (base 6) to base 12.
131015
Convert -4a3169 (base 11) to base 15.
-10a76d
What is -86263 (base 14) in base 6?
-10541131
Convert 3002301 (base 5) to base 14.
132b7
What is 1a56985 (base 11) in base 15?
48677e
Convert 221221121121 (base 3) to base 10.
510748
1013222021211 (base 4) to base 13
3b7930c
Convert -4353120 (base 6) to base 15.
-44503
4d879 (base 14) to base 2
101110101000100011
What is 15479a (base 11) in base 16?
3ab98
-8286 (base 9) to base 8
-13670
Convert 13759 (base 12) to base 10.
26997
16366362 (base 9) to base 3
120102020102002
-152972 (base 13) to base 9
-872405
What is -1001010111101001000 (base 2) in base 5?
-34311031
What is -a0220 (base 16) in base 8?
-2401040
Convert -187a98 (base 12) to base 2.
-1101000100101010100
Convert 4093832 (base 10) to base 13.
b044b2
Convert 231bb2 (base 14) to base 10.
1195952
Convert 10121020221 (base 3) to base 4.
101103310
Convert 61930 (base 11) to base 3.
11120212102
What is -5515555 (base 6) in base 7?
-2223011
What is -116052223 (base 7) in base 14?
-d82cba
Convert 1222210022021 (base 3) to base 16.
1027ab
12220200201211 (base 3) to base 4
23333121112
Convert -1200221222012 (base 3) to base 11.
-568765
What is -1024409 (base 12) in base 6?
-145014413
What is 1d9d9 (base 14) in base 8?
224413
Convert -2417 (base 14) to base 11.
-4801
Convert -32313324 (base 5) to base 10.
-276089
Convert 357c87 (base 14) to base 4.
12332012133
-2aabeb (base 15) to base 2
-111110111010010000110
4122a53 (base 11) to base 12
253130b
-70122 (base 13) to base 9
-334460
Convert 1499aa (base 13) to base 2.
1111011110001011011
-a3062 (base 13) to base 3
-112211221020
What is 12110034 (base 6) in base 5?
44213332
What is 110320131232 (base 4) in base 6?
313155154
What is b69749 (base 14) in base 3?
102121121100021
What is 1174641 (base 9) in base 2?
10011100001101110000
-474a26 (base 11) to base 16
-b7e65
-716713 (base 8) to base 10
-237003
What is -1100100000101101000 (base 2) in base 15?
-8170a
-10100101100111001 (base 2) to base 3
-11022022111
-106ee (base 16) to base 12
-32b52
What is 3734012 (base 8) in base 16?
fb80a
-15a2559 (base 11) to base 12
-ab5a51
-100121002120011 (base 3) to base 14
-96a72c
What is -11110210121 (base 3) in base 11?
-60188
What is -49d818 (base 16) in base 15?
-658d9d
Convert -7b3a9 (base 16) to base 11.
-31524a
What is 1e474 (base 16) in base 11?
851a6
Convert -2271a (base 11) to base 10.
-32812
Convert 44004012 (base 5) to base 13.
101bc2
Convert 1300103020 (base 4) to base 9.
770864
Convert 112a2d5 (base 15) to base 8.
56673322
-746935 (base 10) to base 5
-142400220
What is -212957 (base 11) in base 6?
-11144352
What is -4145355 (base 6) in base 13?
-70529
Convert 2224ef (base 16) to base 15.
2e3039
45311144 (base 6) to base 15
1c341d
What is 111441410 (base 5) in base 3?
221101022220
219017 (base 14) to base 13
30b447
2b795 (base 12) to base 3
10010111112
-27122 (base 15) to base 9
-210575
2429823 (base 11) to base 15
588320
-12145135 (base 7) to base 11
-682790
What is 414020011 (base 5) in base 8?
6400675
What is -23301200 (base 4) in base 7?
-260411
Convert 1381665 (base 9) to base 16.
ba1ee
-102130341 (base 5) to base 16
-683db
12010501 (base 6) to base 12
160a31
What is 124aa00 (base 13) in base 8?
25613043
Convert 2112000222012 (base 3) to base 15.
1b6bbb
-104213552 (base 6) to base 3
-10112201021212
Convert -431011125 (base 6) to base 3.
-112022110010222
Convert 431142403 (base 5) to base 2.
110111011111101101110
Convert -120222211010 (base 3) to base 8.
-1146654
What is -140424 (base 8) in base 12?
-24730
What is -1358193 (base 11) in base 5?
-1044320130
-1440e0 (base 15) to base 13
-282090
11639 (base 11) to base 2
100000101100100
What is 5873a (base 14) in base 9?
357485
Convert -529741 (base 11) to base 12.
-34a494
-333644 (base 9) to base 5
-22341133
What is -3048 (base 11) in base 15?
-12ea
2a1299 (base 11) to base 13
136029
What is -c05c8 (base 15) in base 10?
-608813
-10021133311 (base 4) to base 7
-12146326
What is -97956 (base 11) in base 6?
-3014300
Convert 120212312202 (base 4) to base 11.
3706477
Convert 554464 (base 8) to base 5.
21433201
-31525555 (base 7) to base 2
-1010001110000101001011
What is -32a0b6 (base 15) in base 13?
-6665b2
-14886264 (base 9) to base 2
-11100010111111101111111
What is 176629 (base 10) in base 15?
37504
-499397 (base 11) to base 9
-1431453
Convert -739227 (base 10) to base 3.
-1101120000210
Convert -b5486c (base 13) to base 14.
-7c4294
What is 1341164 (base 8) in base 12?
162530
Convert 53078b (base 13) to base 16.
1da796
Convert 623854 (base 10) to base 15.
c4ca4
104555 (base 11) to base 5
20321130
Convert -112112102020001 (base 3) to base 13.
-17a5887
Convert -417012 (base 8) to base 5.
-13420022
What is 916949 (base 10) in base 4?
3133313111
-446556 (base 9) to base 7
-2162133
19a975 (base 14) to base 10
912875
-4787b (base 13) to base 16
-20005
Convert 10004410204 (base 5) to base 9.
20458652
What is a52051 (base 16) in base 15?
e3b678
What is -20ba710 (base 12) in base 11?
-3567a49
-1c523d (base 14) to base 10
-1012983
Convert -45284 (base 14) to base 7.
-1266324
What is 432545 (base 8) in base 3?
21100112210
1010101111010011111 (base 2) to base 11
220432
Convert 37656 (base 11) to base 9.
82100
Convert -20321022032 (base 4) to base 9.
-4342818
Convert 188f2 (base 16) to base 3.
12002222201
What is -257321 (base 8) in base 4?
-111323101
-400224 (base 8) to base 10
-131220
Convert 114801 (base 9) to base 2.
10000111000110111
What is -20331422 (base 5) in base 2?
-101000111100111001
Convert 600147 (base 9) to base 16.
56872
What is -11001110111101100 (base 2) in base 15?
-215e4
What is 797dd1 (base 15) in base 2?
10110000111100001101100
What is -1000633 (base 9) in base 6?
-15222433
What is -4442033 (base 5) in base 8?
-227710
What is 2230302032 (base 4) in base 8?
2546216
What is 121324320 (base 6) in base 11?
133a911
Convert 144021001 (base 5) to base 6.
24234533
Convert -776476 (base 11) to base 8.
-4562575
Convert 101111101111100011 (base 2) to base 13.
6b019
What is -37c2c (base 16) in base 3?
-102121022010
What is -14034176 (base 8) in